
-20
Let a(t) = 9*t - 6. Let u(d) = -13*d + 10. Let z(y) = 3*a(y) + 2*u(y). Let m(s) = -2*s - 9. Let n be m(-6). Calculate z(n).
5
Let w be -3*4/6 + 1. Let g(i) be the second derivative of i**4/2 + 4*i + 1. What is g(w)?
6
Suppose -13 = 4*u - 5. Let j(n) = 3*n**3 - 3*n**2 - n + 2. Let q(a) = a**3 + a**2. Let h(g) = u*q(g) + j(g). Determine h(5).
-3
Let m(s) = s + 1. Let g(u) = -4*u - 1. Suppose -15 + 11 = -2*h. Let w(p) = h*m(p) + g(p). Let q be w(-1). Let f(d) = -3*d + 2. Determine f(q).
-7
Let z(y) = -6*y + 4. Let c be z(-1). Suppose 2*w - 2 = -c. Let m(n) = -n**2 - 2*n + 1. Calculate m(w).
-7
Let x(o) = 5*o**3 - 8*o**2 - o + 3. Let s(l) = -6*l**3 + 9*l**2 + l - 2. Let d(i) = -4*s(i) - 5*x(i). Calculate d(4).
-3
Let f = -63 + 68. Let h(x) = -x + 7 - 6*x**2 + f*x**2 + 8 + 2*x**2. Calculate h(0).
15
Let h(t) = 0 + 9 - 18 + t + 8. What is h(3)?
2
Let r(d) = -d**3 - 2*d**2 + 2*d - 1. Let m(b) = -2*b**3 - 3*b**2 + 2*b. Let o(a) = -2*m(a) + 3*r(a). Determine o(2).
9
Suppose -3*y - 24 = -h, -2*h + 0*h + y = -43. Let u = 37 - h. Suppose 2*o + 2*l - u = 0, 34 = 5*o + 3*l - l. Let t(r) = r - 7. Give t(o).
-1
Let l = 823 - 824. Let y(g) = -g**3 + 4*g**2 + g - 1. What is y(l)?
3
Let b(o) = o**2 - 10*o - 26. Let j be 896/84 - (-4)/3. Determine b(j).
-2
Let s(n) = -n**3 - n**2 - 2. Let t be s(-2). Let v(y) = 7*y**3 - 3*y - 6*y**2 - 8*y**3 - 3 + y**t - y. Suppose -3*u - 5 = 7. Determine v(u).
-3
Suppose -29 = -6*m + 1. Suppose 4*q - 22 + 2 = -4*c, -3*q + m = c. Let r(n) = 2*n**2 + 0*n**2 - n**2. Calculate r(q).
0
Suppose -5*h = 4*r + 10, 2*h - 4 = r + 5. Let s(a) = 6 + 3*a**2 - a**2 + 0 + 5*a**h - 7*a - a**3. Give s(5).
21
Let m(u) = 2*u + 12. Let k(y) = y + 5. Let x(q) = 13*k(q) - 6*m(q). Calculate x(6).
-1
Let v(d) = 11*d**2 - 4*d + 8. Let f(y) = 31*y**2 - 11*y + 23. Let c(a) = -6*f(a) + 17*v(a). Let o = -1 - 2. Let x be 4/((-1)/(o/(-6))). What is c(x)?
6
Let a(s) = -3*s + 1 + 3 + 1250*s**2 - 1248*s**2. Let o(l) = 5*l**2 + 2*l - 1. Let i be o(1). Suppose -i = -c - c. What is a(c)?
13
Let n(v) = -v**2 + 6*v + 6. Let m(l) = l**2 - 7*l - 7. Let x(b) = 2*m(b) + 3*n(b). Let u = -10 + 4. Let p be ((-16)/(-6))/(-4)*u. Give x(p).
4
Let f(z) = z**2 + 9*z - 3. Let m(d) = d - 1. Let w(n) = -f(n) + 5*m(n). Let u = -129 - -125. Give w(u).
-2
Let k(i) = 6*i + 10. Let f(b) = -5*b - 9. Let x(o) = -7*f(o) - 6*k(o). Determine x(5).
-2
Let o(f) be the first derivative of 2*f**3/3 - f**2/2 - 2*f + 267. Let j = 1 - 5. Let p(g) = g**3 + 5*g**2 + 5*g + 6. Let r be p(j). Determine o(r).
4
Let r(o) = -2*o + 5. Let j(f) = f**3 - 5*f**2 + 2*f - 5. Let p be j(4). Let m = p + 8. Calculate r(m).
15
Suppose 2*s + 44 = 4*d, 3*d + 0*s + s = 28. Suppose -2*i = -0*i + d. Let j(z) = z - 7. Let b(q) = 2*q - 13. Let y(w) = i*j(w) + 2*b(w). What is y(0)?
9
Let v(m) = 17*m**3 + 7*m**2 + 3. Let g be (-2)/4*(10 - 0). Let i(y) = 8*y**3 + 4*y**2 + 2. Let n(a) = g*i(a) + 3*v(a). Calculate n(-1).
-11
Let n(k) be the third derivative of 5*k**4/24 + 13*k**3/2 + 449*k**2. Calculate n(-6).
9
Let i be (-495)/(-20) - 2/(-8). Let b(r) = -i + 11 + 5 - 6*r + 8. What is b(-1)?
5
Let t(p) = 8 - 12 + p - 4. Suppose -6*x + 9*x + 3*i = 6, -5*i + 3 = 4*x. Give t(x).
-1
Suppose -2*a - 5 + 19 = 0. Let m = -2 + -5. Let c = a + m. Let k(q) = -q - 4. Calculate k(c).
-4
Let v(m) = m - 3. Suppose 3*j - 75 + 18 = 0. Suppose 0 = d + 2*r + j - 7, 2*d + 3*r + 20 = 0. Give v(d).
-7
Suppose 0 = -3*z + 3*t - 6 - 9, -3*z - 2*t + 10 = 0. Let w(q) be the third derivative of 1/3*q**4 + 0 + 2*q**2 + z*q - 1/60*q**5 + 1/6*q**3. Calculate w(4).
17
Let h(i) = i**3 - 4*i**2 + i. Suppose 3*j - 2*o + 6 - 1 = 0, -21 = -5*j - 4*o. Let u(w) = 4*w**3 - w**2 - w + 1. Let d be u(j). Give h(d).
-6
Let i(o) = 1. Let c(d) = -d**3 - 7*d**2 + 6. Let b(a) = c(a) - 3*i(a). Suppose 21 = -3*z - 4*q, 3*z = -0*z - 2*q - 21. Give b(z).
3
Let o(t) = t**2 + 4*t + 2. Suppose -21*v + 30 = -23*v. Let k = -18 - v. Calculate o(k).
-1
Suppose -3*p - 20 = -7*p. Let m(w) = -w**3 + 5*w**2 - w + 11. Calculate m(p).
6
Let d(p) = -p**3 + 2*p. Suppose 5*o - o - 12 = 0. Suppose 0 = 4*k - 2*g - 12, 5*k - 15 = 5*g - o*g. Suppose k*y + 2 = 2*y. What is d(y)?
4
Let j(f) = -9*f**2 - 68*f**3 + 19*f + 37*f**3 + 5 + 32*f**3 - 2 - 10. Calculate j(6).
-1
Let c(q) = -10*q**2 - 2. Let l(t) = -9*t**2 - 3. Let u = -6 + 3. Let v(g) = u*c(g) + 2*l(g). Determine v(1).
12
Let k(h) be the third derivative of h**4/24 + h**3/3 - 218*h**2. Calculate k(-4).
-2
Suppose 3*u = 4*l + u - 8, -4*l - 3*u = -28. Let w(a) = 23*a**2 - 16*a - 18. Let s(k) = 65*k**2 - 45*k - 52. Let g(x) = 6*s(x) - 17*w(x). What is g(l)?
-14
Let l(b) = b**2 + 6*b - 1. Let j(u) = -2*u**2 - 6*u + 2. Let y be (5 - 2)/(2 + -1). Let t(f) = y*l(f) + 2*j(f). Suppose -5 = -g - 0. What is t(g)?
6
Let v(c) = c**3 + 5*c**2 + 2*c - 5. Let a be (-4)/38 - 3135/1083. Give v(a).
7
Let w(d) = d**2 + 2*d - 1. Suppose 0 = 3*x - 2*s + 16, -3*x + 40 = 4*s + 26. Determine w(x).
-1
Let d(k) = -9 + k + 10 + 2*k**2 - 8 - 10*k. Determine d(7).
28
Let r(f) = -5*f**3 + 10*f**2 + 6*f + 7. Let d(c) = c**3 - c - 1. Let z(n) = 6*d(n) + r(n). Let q = 249 + -259. Determine z(q).
1
Let j be 6 - ((-18)/3 - 23/(-2)). Let u(h) be the first derivative of 6*h + j*h**2 - 1. What is u(-7)?
-1
Let p(d) = 1 + 31716*d**3 + 4*d - 4*d - 31751*d**3. Give p(1).
-34
Let v(q) = -2*q**2 + 8. Let b be v(-2). Let x(d) be the second derivative of -1/20*d**5 - 3*d**2 - 4/3*d**3 - 7/12*d**4 + b + 6*d. What is x(-6)?
6
Let a(n) = 6*n + 34. Let q = 840 + -848. Determine a(q).
-14
Let t(o) = o - 5. Suppose -2*m + 1 = 5*q - 5, 5*m = 4*q + 15. Give t(q).
-5
Let y(a) = a**3 - 5*a**2 - 8*a + 7. Let g be y(6). Let d(h) = h**3 + 6*h**2 - 2*h - 10. Let l be d(-6). Let u(c) = -7 + c**l + 10 - 10 + 4*c. Determine u(g).
-2
Let j(a) = -a**2 + a + 1. Let x(n) = 7*n**2 + 3*n - 10. Let z(f) = -6*j(f) - x(f). What is z(-10)?
-6
Let s be 19/4 - 63/84. Suppose 3*n = 7*n - 5*z - 27, 35 = s*n + 3*z. Let u(v) = -v**2 + 10*v - 11. Calculate u(n).
5
Let p(j) = -3*j + 2. Suppose -5*r - 4*u = -30, -6*r + 3*u - 25 = -11*r. Determine p(r).
-4
Let s be ((1 - 3)*-1)/(16/32). Let c(n) = -2*n**2 + 3*n + 7. Determine c(s).
-13
Let l be 12/24 + (-33)/6. Let q(x) be the first derivative of -x**2/2 - 3. Determine q(l).
5
Let n be (8/(-3))/((-1)/3). Suppose n = -2*a + 6*a. Let r be (-8)/a*(-3)/6. Let b(j) = -j**3 + 2*j**2 - 3*j + 3. What is b(r)?
-3
Suppose 5*p - 26 - 2 = -3*f, -23 = -4*p - 3*f. Let y(n) be the third derivative of 0 - 5*n**2 - 1/60*n**p - 3/2*n**3 + 1/3*n**4 + 0*n. Calculate y(6).
3
Let u(w) = -w**2 - 14*w - 12. Suppose 0 = -2*n + 2*h - 22, 128*n - 130*n + h - 20 = 0. Determine u(n).
33
Let u(o) = -o**3 + 4*o**2 - 4*o + 9. Let b be (-429)/(-117) + (4/2)/6. Calculate u(b).
-7
Let o(b) = -2*b**2 - 102*b + 6. Let t be o(-51). Let l(d) = -5*d - 6. Calculate l(t).
-36
Suppose 5*u = 25, -5*v + 49 = -u - 11. Suppose 0 = -h + g + 5 - 1, 5*g = 4*h - v. Let d(m) = m**2 - 6*m - 5. What is d(h)?
2
Let k(h) = h - 1. Let b(s) = -2*s**2 + 6*s - 7. Let r(d) = b(d) - 4*k(d). Let z = 59 + -62. What is r(z)?
-27
Let i(b) = -22 + 18 - b**3 - 2*b**2 + 6*b**2 + 3*b. Let o(w) = 2*w**3 - 9*w**2 - 6*w + 9. Let q be (-8)/6*(-9)/(-6). Let a(g) = q*o(g) - 5*i(g). What is a(3)?
2
Let q be -1*3/9*9. Let l be (q + 12/(-3))/1. Let h(j) = 3*j**2 - 18*j - 2. Let z(v) = v**2 - 6*v - 1. Let w(g) = l*z(g) + 2*h(g). Determine w(6).
3
Let v(m) = m**3 - 6*m**2 - m - 4. Let d(h) = 21*h - 183. Let t be d(9). Calculate v(t).
-10
Let a(n) = 8 + 9*n + 5*n**3 - 14188*n**2 - 7*n**3 + 14175*n**2. Determine a(-7).
-6
Let p(g) = -2*g + 5. Let w = 19 - 17. Let u(t) = -t + 6. Let i(a) = w*p(a) - 3*u(a). What is i(-8)?
0
Suppose 4*k - 4*z + 10 - 50 = 0, z + 5 = 0. Let p(o) = -6*o - 6. Let u be -1 - -1 - (1 - -5). Let v(x) = 5*x + 5. Let c(l) = u*p(l) - 7*v(l). What is c(k)?
6
Let u = 10 - 8. Let g(j) = -188*j**u + 189*j**2 - j - 3*j. Calculate g(3).
-3
Let q be (-3)/(-4) - (-488)/32. Suppose -j = 3*j - q. Suppose -j*n + 5*a + 4 = -1, a = n. Let o(k) = -k**3 - 6*k**2 - 7*k. Determine o(n).
10
Let x(m) = 3*m + 9. Let u(j) = -4*j + 4*j - 2*j - 10. Suppose -226 = -2*c - 220. Let p(l) = c*x(l) + 2*u(l). Calculate p(-5).
-18
Let y(g) be the third derivative of -2/15*g**5 + 0*g + 0 - 14*g**2 - 2/3*g**3 - 1/24*g**4 - 1/120*g**6. Determine y(-8).
4
Let m 